9.
39
What is the greatest common divisor of 11 and 891?
11
Calculate the highest common divisor of 234 and 104.
26
What is the highest common divisor of 6 and 5718?
6
Calculate the highest common factor of 88 and 4048.
88
Calculate the greatest common divisor of 31 and 15469.
31
Calculate the highest common divisor of 80 and 1720.
40
What is the highest common divisor of 735 and 945?
105
What is the highest common factor of 336 and 399?
21
Calculate the highest common divisor of 32 and 128.
32
What is the greatest common divisor of 559 and 86?
43
Calculate the greatest common factor of 45 and 115.
5
Calculate the highest common factor of 4134 and 26.
26
What is the highest common divisor of 44 and 6644?
44
What is the highest common divisor of 4 and 1082?
2
Calculate the greatest common factor of 2646 and 18.
18
Calculate the greatest common factor of 12 and 6054.
6
Calculate the greatest common factor of 980 and 20.
20
What is the greatest common factor of 693 and 1071?
63
Calculate the greatest common factor of 45 and 9.
9
What is the highest common factor of 108548 and 44?
44
What is the highest common factor of 9 and 207?
9
What is the highest common factor of 2414 and 34?
34
What is the highest common factor of 322 and 13?
1
Calculate the greatest common divisor of 8 and 1928.
8
What is the greatest common factor of 11 and 341?
11
What is the highest common factor of 50 and 1200?
50
Calculate the highest common divisor of 47 and 47.
47
Calculate the greatest common divisor of 2 and 25.
1
What is the highest common divisor of 388 and 20?
4
Calculate the greatest common divisor of 20 and 52.
4
What is the greatest common divisor of 48 and 336?
48
What is the highest common divisor of 1744 and 16?
16
Calculate the greatest common factor of 1939 and 6094.
277
Calculate the greatest common divisor of 689 and 2173.
53
Calculate the greatest common divisor of 2499 and 1470.
147
What is the greatest common divisor of 21 and 35?
7
Calculate the highest common divisor of 220 and 44.
44
Calculate the highest common divisor of 713 and 92.
23
Calculate the highest common factor of 348 and 1160.
116
What is the highest common divisor of 50 and 140?
10
Calculate the greatest common divisor of 2 and 3.
1
Calculate the highest common divisor of 377 and 319.
29
What is the greatest common factor of 213 and 6?
3
Calculate the greatest common divisor of 377 and 52.
13
Calculate the highest common factor of 1125 and 90.
45
Calculate the highest common factor of 261 and 13746.
87
Calculate the greatest common factor of 22 and 176.
22
What is the highest common divisor of 13 and 923?
13
What is the greatest common factor of 2730 and 240?
30
Calculate the highest common factor of 3306 and 76.
38
What is the highest common divisor of 2320 and 80?
80
What is the highest common divisor of 8 and 39752?
8
What is the highest common factor of 4332 and 24?
12
What is the highest common divisor of 117 and 2016?
9
Calculate the highest common divisor of 49 and 3577.
49
Calculate the greatest common divisor of 530 and 1219.
53
Calculate the greatest common divisor of 72 and 384.
24
What is the highest common factor of 12 and 9?
3
Calculate the highest common factor of 759 and 132.
33
What is the greatest common factor of 14 and 749?
7
Calculate the highest common factor of 7625 and 61.
61
What is the greatest common factor of 12 and 21972?
12
What is the highest common factor of 746 and 15293?
373
What is the highest common factor of 2703 and 1219?
53
What is the greatest common divisor of 5610 and 22?
22
Calculate the highest common factor of 30 and 405.
15
Calculate the highest common divisor of 612 and 17.
17
What is the greatest common factor of 42 and 34314?
42
Calculate the highest common divisor of 390 and 20.
10
What is the highest common divisor of 1513 and 1683?
17
What is the greatest common factor of 447 and 4321?
149
Calculate the greatest common divisor of 25 and 1975.
25
Calculate the greatest common factor of 5978 and 122.
122
Calculate the greatest common divisor of 616 and 66.
22
Calculate the highest common factor of 207 and 31671.
207
What is the greatest common factor of 34 and 85?
17
Calculate the greatest common factor of 2065 and 12803.
413
What is the highest common divisor of 70 and 70?
70
What is the highest common divisor of 151 and 49679?
151
What is the greatest common divisor of 27 and 351?
27
What is the highest common divisor of 48 and 792?
24
What is the greatest common factor of 15 and 2295?
15
Calculate the greatest common divisor of 150 and 70.
10
Calculate the highest common factor of 111 and 3.
3
What is the highest common factor of 111 and 30?
3
Calculate the greatest common factor of 9 and 513.
9
Calculate the greatest common factor of 60 and 8.
4
What is the highest common factor of 1064 and 342?
38
What is the highest common factor of 2346 and 2208?
138
What is the greatest common divisor of 45 and 17235?
45
Calculate the highest common divisor of 121 and 121.
121
Calculate the greatest common divisor of 150 and 350.
50
Calculate the highest common divisor of 48 and 32.
16
What is the greatest common divisor of 48 and 4236?
12
Calculate the highest common factor of 13 and 299.
13
What is the highest common divisor of 636 and 12?
12
What is the highest common factor of 112 and 350?
14
Calculate the highest common divisor of 620 and 1364.
124
Calculate the highest common factor of 68 and 102.
34
Calculate the greatest common factor of 165 and 66.
33
Calculate the greatest common divisor of 42 and 1442.
14
What is the greatest common divisor of 516 and 6364?
172
Calculate the greatest common factor of 2691 and 169.
13
Calculate the highest common divisor of 54 and 72.
18
Calculate the highest common factor of 714 and 42.
42
Calculate the highest common divisor of 116 and 76.
4
What is the highest common factor of 3154 and 332?
166
What is the greatest common factor of 207 and 27?
9
What is the greatest common divisor of 334 and 6?
2
What is the highest common factor of 726 and 209?
11
Calculate the highest common divisor of 30 and 190.
10
What is the greatest common divisor of 3741 and 29?
29
What is the greatest common divisor of 1883 and 49?
7
What is the highest common divisor of 105 and 2016?
21
What is the highest common factor of 9625 and 35?
35
Calculate the highest common divisor of 538 and 2.
2
What is the highest common factor of 1314 and 126?
18
Calculate the greatest common factor of 5152 and 672.
224
What is the greatest common factor of 943 and 41?
41
Calculate the greatest common divisor of 528 and 48.
48
Calculate the highest common divisor of 20 and 25.
5
Calculate the greatest common factor of 72 and 8.
8
What is the greatest common divisor of 30 and 1455?
15
What is the greatest common factor of 3924 and 36?
36
Calculate the highest common factor of 484 and 1144.
44
What is the highest common factor of 310 and 10?
10
What is the highest common factor of 24 and 18024?
24
What is the highest common factor of 44 and 4730?
22
What is the greatest common divisor of 731 and 221?
17
What is the highest common divisor of 312 and 30576?
312
What is the highest common divisor of 35 and 259?
7
What is the highest common divisor of 26 and 54?
2
What is the highest common divisor of 1763 and 451?
41
Calculate the greatest common divisor of 583 and 318.
53
Calculate the greatest common divisor of 122 and 4819.
61
Calculate the highest common factor of 287 and 3649.
41
What is the highest common divisor of 13390 and 52?
26
Calculate the highest common factor of 85 and 14450.
85
Calculate the greatest common factor of 2877 and 63.
21
What is the highest common factor of 9150 and 25?
25
What is the highest common divisor of 24701 and 17?
17
Calculate the highest common factor of 488 and 366.
122
What is the highest common divisor of 11 and 2651?
11
Calculate the highest common divisor of 420 and 525.
105
What is the highest common factor of 27 and 468?
9
What is the highest common divisor of 150 and 270?
30
Calculate the highest common factor of 21 and 39291.
21
What is the highest common divisor of 3 and 3?
3
What is the highest common factor of 65 and 39?
13
Calculate the highest common divisor of 24 and 456.
24
What is th